alculate the greatest common factor of z and 8.
4
Suppose 0 = -2*q - 3*p + 33, 0*q = -2*q + 4*p + 12. Let k be 1 - 0 - 1*-3. Suppose -k*h + 4 = -3*h. Calculate the greatest common factor of q and h.
4
Let g(d) = d + 2. Let s be g(-3). Let n = s - 1. Let m be (1*n)/(10/(-35)). Calculate the greatest common divisor of 28 and m.
7
Suppose 14 = -5*n - 1. Let j = 6 + n. What is the highest common factor of j and 3?
3
Let l be 1/(-2 - 98/(-48)). Let d be l + (0/(-2) - 0). Suppose 4*n + 2*h - d = -3*h, -3*h = 0. Calculate the highest common factor of n and 6.
6
Let a = -58 + -6. Let j = a + 106. What is the greatest common divisor of 14 and j?
14
Let g(z) = 4*z**2 - 2*z + 6. Let t be g(2). What is the highest common divisor of 198 and t?
18
Let h = -6 + 9. Let p = h - -5. Suppose p + 82 = c. What is the highest common factor of 10 and c?
10
Suppose 708 - 2372 = -4*d. What is the greatest common factor of d and 52?
52
Let g = 81 + -60. Calculate the greatest common divisor of g and 168.
21
Let d be -5*(3/5 - 3). Let o = 25 - d. Calculate the greatest common divisor of o and 143.
13
Let y(k) = k**2 - 14*k + 6. Let j be y(14). Calculate the greatest common divisor of j and 114.
6
Let w = 54 + -9. Let q = 24 - 15. Calculate the greatest common divisor of w and q.
9
Let n be 51 - (-4 - 2)/3. Suppose 3*g + 0*g = 2*y + 27, 3*y - n = -4*g. What is the highest common factor of 66 and g?
11
Suppose -6*c + 4*c = -5*y - 44, -56 = -2*c - y. Suppose -3 = -3*t + c. Calculate the greatest common divisor of 10 and t.
10
Suppose 4*s + 5*t - 360 = 2*t, 0 = 3*s + 2*t - 270. What is the highest common factor of s and 10?
10
Let w be 4 - 0/(3 + -1). Suppose -2*t - l = 3*l - 10, 2*l - w = 0. Suppose 0 = 5*d - 28 + 3. What is the greatest common factor of d and t?
1
Suppose -5*a + 27 = -8. Let m be a - (0/1)/(-2). What is the greatest common factor of 35 and m?
7
Suppose -189 = -3*c - 4*c. What is the greatest common factor of 27 and c?
27
Suppose 0 = -m + 5*r - 14, 0*m - 2*r + 2 = -m. What is the greatest common factor of m and 54?
6
Let q = 1 - -1. Suppose 5*z - 21 = -5*a + 49, -2*a = -8. Calculate the highest common factor of z and q.
2
Let k(c) = -5*c + 4. Let d(y) = -y + 1. Let m(a) = 4*d(a) - k(a). Let g be m(7). Calculate the highest common divisor of g and 28.
7
Let d(t) be the third derivative of t**6/24 - t**4/24 + t**3/3 - 4*t**2. Let c be d(1). Calculate the highest common divisor of c and 24.
6
Let j = 18 - 14. Suppose 4*u + 5*p - 315 = 0, p = -j*u - 0*p + 303. What is the highest common factor of 15 and u?
15
Suppose 16 - 4 = 3*q. Let w be 2/(-2) - (-2 - q). Calculate the greatest common divisor of w and 25.
5
Suppose -4 = 3*u - 346. Let o = 189 - u. What is the highest common factor of o and 50?
25
Suppose -4*z + 113 + 138 = 5*r, 3*z - r - 212 = 0. Calculate the greatest common divisor of 46 and z.
23
Let a be 1/(((-15)/(-1809))/5). Suppose 0 = 5*s + 123 - a. Calculate the greatest common factor of 12 and s.
12
Suppose -o + 3*o - 260 = 0. Suppose 0 = -8*n + 10*n - o. Calculate the greatest common factor of 26 and n.
13
Suppose z + 6 + 1 = v, 0 = -2*v + 4*z + 20. Let k = -1 + v. Suppose k*o = -25 + 169. What is the highest common divisor of o and 12?
12
Let y = 0 + 2. Let s be (-3 + y)/((-1)/14). Suppose -k + 7 = -0*k. Calculate the greatest common divisor of k and s.
7
Suppose -5*m + w = -62, -2*w - 70 = -5*m + 3*w. Let r = 9 + -6. Suppose -r*l - 4*q + 344 = l, q = 2. What is the highest common divisor of l and m?
12
Suppose -5*t = -146 - 134. Calculate the greatest common divisor of 14 and t.
14
Suppose -20*d + 30*d = 2000. Calculate the highest common divisor of d and 80.
40
Let w(p) = -26*p - 4. Let k = -11 + 6. Let v be w(k). Calculate the highest common factor of 14 and v.
14
Let y be (-4)/((-20)/(-3)) - 264/(-40). What is the highest common factor of 36 and y?
6
Let t(c) = -2*c + 4. Let m be t(5). Let u be (-18)/(-4)*(-8)/m. Let d = 2 - -1. Calculate the highest common divisor of d and u.
3
Let j(r) = -r**3 - 9*r**2 + 9*r - 14. Let a be j(-10). Let s(w) = -w**3 - 4*w**2 - 5*w. Let o be s(a). What is the greatest common divisor of o and 220?
20
Suppose -4*z = -26 - 86. Let x = -18 + 32. Calculate the highest common divisor of z and x.
14
Let r = -9 - -36. Calculate the highest common factor of r and 45.
9
Let x(z) = -24*z**3 + z. Let g = 8 + -9. Let b be x(g). What is the highest common divisor of 161 and b?
23
Suppose 26 = 4*v + 2*b, 15 + 10 = 4*v + b. Calculate the highest common factor of v and 18.
6
Let t = 17 + 38. Calculate the greatest common factor of t and 5.
5
Let n be (27/6)/3*-4. Let r be (36/(-10))/(n/20). Calculate the greatest common divisor of r and 60.
12
Let j = -44 + 71. Calculate the highest common factor of 3 and j.
3
Let h(n) be the first derivative of n**2 - 5*n - 1. Let g be h(7). What is the greatest common factor of g and 1?
1
Let l(t) = 2*t - 7. Let q be l(10). Let o(i) = -i**3 - 9*i**2 + 12*i - 6. Let x be o(-11). What is the highest common factor of q and x?
13
Let s = 1 + 7. Let g = 148 + -84. Calculate the highest common factor of s and g.
8
Let w = 4 + -2. Let t = w - 1. What is the highest common factor of t and 9?
1
Let j = -146 - -300. What is the greatest common factor of 28 and j?
14
Let y = -2 + 11. Suppose y = -3*t + 3. Let v(b) = -3*b**3 + b**2 + 2. Let f be v(t). Calculate the highest common divisor of f and 45.
15
Suppose 0 = 4*b - 8*b + 28. Suppose -13 = -q + 36. Calculate the highest common divisor of q and b.
7
Let b(n) = n - 6. Let u be b(9). Calculate the greatest common divisor of 9 and u.
3
Let k be 1*-5 + 0 + 2. Let p be ((-1)/2)/(k/450). What is the highest common divisor of 30 and p?
15
Let y = 106 - 100. What is the greatest common divisor of y and 9?
3
Let h be 8/3*(-36)/(-16). Suppose 5*r - 35 = -5. Suppose 4*d + 10 = r*d, 5*s - 110 = -4*d. Calculate the greatest common factor of h and s.
6
Suppose -2*h + 4 = -0. Suppose 5*k - 90 = h*p, k - 42 = 4*p - 6. Suppose -2 + k = 2*s. What is the highest common divisor of s and 1?
1
Suppose -3*n + h + 4 = 0, -2*h + 4 = 3*n - 6. What is the highest common factor of 26 and n?
2
Let d be 8/28 - 38/(-14). Suppose 5*i - 262 = -o - 3*o, o = d*i - 164. What is the greatest common divisor of i and 6?
6
Suppose 5*f = 6*f + 15. Let l = f - -20. Calculate the greatest common divisor of 1 and l.
1
Suppose q - 2 = -0*q. Suppose 0 = j + q*j - 90. Calculate the greatest common factor of j and 10.
10
Let j(g) = g**2 + 3*g + 22. Let q be j(-5). Calculate the highest common factor of 48 and q.
16
Let y be 1/(-2) - (-1)/2. Let k be -2 - y - (-96 - -4). Calculate the highest common factor of 10 and k.
10
Let q(h) = h**3 - 7*h**2 + 4*h + 12. Let y be q(6). Suppose -4*c - 12 = y, -5*t - 2*c + 416 = c. Calculate the highest common divisor of 17 and t.
17
Suppose 0 = -4*m - 4*z + 36, 5*m + 7 - 61 = 4*z. Let t be 164/m + (-12)/(-20). What is the greatest common factor of 85 and t?
17
Suppose 2*k = -2*k + u + 130, 5*u = -k + 22. What is the highest common factor of k and 80?
16
Let c be (-29)/(-5) - (-5)/25. Let u be (0 + 1)*(41 - -1). What is the greatest common divisor of c and u?
6
Let x be -5 + (-98)/(-21) + (-25)/(-3). Let h = 4 - 3. Calculate the greatest common factor of x and h.
1
Suppose 0 = -x - x + 18. Calculate the highest common divisor of 9 and x.
9
Let j = -40 - -45. What is the greatest common factor of 20 and j?
5
Let q be (0 + -78)*30/(-20). What is the greatest common divisor of q and 13?
13
Suppose -2*q + 4*r + r = -36, r + 54 = 3*q. Let i = -4 - -4. Suppose 0*h + 3*h - 324 = i. Calculate the greatest common divisor of h and q.
18
Let u(x) = -x**3 - 5*x**2 - 16*x - 13. Let h be u(-6). Calculate the greatest common factor of 7 and h.
7
Let t be (-168)/(-2) - -4*1. What is the highest common divisor of t and 11?
11
Let b(h) = 9*h - 1. Let k be b(1). Let s = -6 - -8. What is the greatest common divisor of k and s?
2
Let t(j) = j**3 + 3*j**2 + j + 1. Let s be t(-2). Suppose -s*o + 30 = -0*o. What is the highest common factor of o and 4?
2
Suppose 11 = -2*r + 63. Calculate the highest common divisor of 117 and r.
13
Let d be -1 + -1 - ((4 - 2) + -18). Let c = 2 + 2. Let x be c/16 + 391/4. What is the highest common divisor of x and d?
14
Let b(c) = c**3 + 4*c**2 + 